the millions digit of 1971056?
1
What is the millions digit of 4395224?
4
What is the hundred thousands digit of 129395?
1
What is the thousands digit of 57174?
7
What is the thousands digit of 546847?
6
What is the thousands digit of 693465?
3
What is the ten thousands digit of 1632141?
3
What is the hundreds digit of 254569?
5
What is the tens digit of 756045?
4
What is the millions digit of 1446762?
1
What is the hundred thousands digit of 219442?
2
What is the hundreds digit of 24534375?
3
What is the hundred thousands digit of 100195?
1
What is the ten millions digit of 11769727?
1
What is the tens digit of 182443?
4
What is the hundreds digit of 10237105?
1
What is the tens digit of 5157234?
3
What is the units digit of 200481?
1
What is the units digit of 999291?
1
What is the ten thousands digit of 1036380?
3
What is the hundred thousands digit of 28234869?
2
What is the tens digit of 227349?
4
What is the units digit of 156436?
6
What is the hundreds digit of 171777?
7
What is the units digit of 217105?
5
What is the hundred thousands digit of 1852521?
8
What is the hundreds digit of 5020062?
0
What is the units digit of 202783?
3
What is the ten thousands digit of 340967?
4
What is the thousands digit of 180756?
0
What is the hundreds digit of 22812431?
4
What is the ten thousands digit of 783106?
8
What is the tens digit of 2872145?
4
What is the tens digit of 181201?
0
What is the hundreds digit of 60083?
0
What is the millions digit of 16143935?
6
What is the units digit of 136946?
6
What is the tens digit of 321139?
3
What is the hundreds digit of 276974?
9
What is the hundred thousands digit of 1069456?
0
What is the units digit of 271274?
4
What is the units digit of 258515?
5
What is the units digit of 21852439?
9
What is the ten millions digit of 38001775?
3
What is the ten millions digit of 20597954?
2
What is the units digit of 7861?
1
What is the hundred thousands digit of 9413450?
4
What is the hundreds digit of 4468752?
7
What is the units digit of 1281217?
7
What is the hundreds digit of 199171?
1
What is the ten thousands digit of 635636?
3
What is the ten thousands digit of 235476?
3
What is the ten thousands digit of 69434?
6
What is the hundred thousands digit of 2901874?
9
What is the hundred thousands digit of 20308498?
3
What is the ten thousands digit of 481617?
8
What is the hundreds digit of 18508?
5
What is the ten thousands digit of 279893?
7
What is the thousands digit of 5554675?
4
What is the hundred thousands digit of 488795?
4
What is the ten thousands digit of 55883?
5
What is the millions digit of 8337458?
8
What is the millions digit of 30171342?
0
What is the hundreds digit of 762475?
4
What is the thousands digit of 582126?
2
What is the millions digit of 28216312?
8
What is the thousands digit of 44613?
4
What is the hundred thousands digit of 2542996?
5
What is the tens digit of 5438880?
8
What is the hundred thousands digit of 4957833?
9
What is the tens digit of 205901?
0
What is the hundreds digit of 394714?
7
What is the hundred thousands digit of 1034883?
0
What is the ten thousands digit of 3172748?
7
What is the units digit of 712068?
8
What is the units digit of 7434583?
3
What is the hundreds digit of 27031?
0
What is the hundred thousands digit of 4735780?
7
What is the millions digit of 5083908?
5
What is the hundred thousands digit of 177262?
1
What is the millions digit of 4830444?
4
What is the thousands digit of 638032?
8
What is the thousands digit of 11118102?
8
What is the tens digit of 2006442?
4
What is the tens digit of 3992140?
4
What is the units digit of 38996?
6
What is the thousands digit of 228220?
8
What is the ten thousands digit of 173398?
7
What is the units digit of 3428745?
5
What is the ten thousands digit of 7493057?
9
What is the tens digit of 8158130?
3
What is the hundred thousands digit of 1628833?
6
What is the ten thousands digit of 472506?
7
What is the ten thousands digit of 2673598?
7
What is the millions digit of 4013983?
4
What is the thousands digit of 1721597?
1
What is the ten thousands digit of 176025?
7
What is the ten millions digit of 20123720?
2
What is the millions digit of 1552115?
1
What is the tens digit of 157775?
7
What is the tens digit of 2232624?
2
What is the hundred thousands digit of 935299?
9
What is the hundred thousands digit of 6394379?
3
What is the hundred thousands digit of 534011?
5
What is the units digit of 200352?
2
What is the ten thousands digit of 29494303?
9
What is the hundred thousands digit of 1479474?
4
What is the ten thousands digit of 725488?
2
What is the millions digit of 2409569?
2
What is the ten millions digit of 11528224?
1
What is the tens digit of 140888?
8
What is the hundreds digit of 160495?
4
What is the tens digit of 234914?
1
What is the tens digit of 25177719?
1
What is the units digit of 939505?
5
What is the ten thousands digit of 359084?
5
What is the tens digit of 175039?
3
What is the hundreds digit of 157515?
5
What is the hundreds digit of 11761440?
4
What is the ten thousands digit of 560759?
6
What is the hundreds digit of 5963987?
9
What is the units digit of 94546?
6
What is the units digit of 3853879?
9
What is the tens digit of 1909611?
1
What is the millions digit of 2604254?
2
What is the hundred thousands digit of 4632622?
6
What is the millions digit of 7356150?
7
What is the tens digit of 953493?
9
What is the units digit of 5938009?
9
What is the thousands digit of 22502?
2
What is the tens digit of 100566?
6
What is the ten thousands digit of 980848?
8
What is the units digit of 268692?
2
What is the ten thousands digit of 826304?
2
What is the tens digit of 1953393?
9
What is the ten thousands digit of 12780?
1
What is the units digit of 172796?
6
What is the units digit of 22077591?
1
What is the tens digit of 260859?
5
What is the thousands digit of 290889?
0
What is the tens digit of 98787?
8
What is the tens digit of 61426?
2
What is the tens digit of 3159?
5
What is the ten thousands digit of 1142963?
4
What is the tens digit of 5528811?
1
What is the millions digit of 3379631?
3
What is the hundred thousands digit of 116510?
1
What is the thousands digit of 811267?
1
What is the ten thousands digit of 1093412?
9
What is the tens digit of 741148?
4
What is the hundred thousands digit of 314410?
3
What is the thousands digit of 3108213?
8
What is the hundreds digit of 15423329?
3
What is the ten thousands digit of 703708?
0
What is the millions digit of 11811913?
1
What is the ten thousands digit of 128043?
2
What is the thousands digit of 4385972?
5
What is the thousands digit of 1287818?
7
What is the millions digit of 2772189?
2
What is the thousands digit of 136575?
6
What is the units digit of 246196?
6
What is the ten thousands digit of 96088?
9
What is the thousands digit of 643515?
3
What is the units digit of 1591797?
7
What is the ten thousands digit of 10830789?
3
What is the hundred thousands digit of 1624888?
6
What is the units digit of 72329?
9
What is the units digit of 372545?
5
What is the thousands digit of 97552?
7
What is the millions digit of 29545807?
9
What is the tens digit of 7223197?
9
What is the units digit of 756734?
4
What is the hundred thousands digit of 119385?
1
What is the thousands digit of 118419?
8
What is the hundred thousands digit of 2385032?
3
What is the hundred thousands digit of 4487800?
4
What is the ten thousands digit of 92161?
9
What is the millions digit of 3077223?
3
What is the ten thousands digit of 192450?
9
What is the ten thousands digit of 1432644?
3
What is the hundred thousands digit of 6032375?
0
What is the units digit of 24024600?
0
What is the hundreds digit of 325272?
2
What is the units digit of 29545?
5
What is the hundreds digit of 188780?
7
What is the hundreds digit of 196379?
3
What is the millions digit of 1029127?
1
What is the hundred thousands digit of 10608492?
6
What is the millions digit of 23982887?
3
What is the ten thousands digit of 53087?
5
What is the thousands digit of 1582520?
2
What is the ten thousands digit of 22530693?
3
What is the hundred thousands digit of 2671000?
6
What is the millions digit of 14704858?
4
What is the units digit of 904525?
5
What is the thousands digit of